et c(d) be the third derivative of d**4/6 - 15*d**3/2 + 688*d**2 - d. What is c(15)?
15
Suppose 2*x - 24 = 4*x. Let y = 15 + x. Let v(j) = -4*j - j - j**3 + 5*j**2 - 1 - 2*j**2 + j. Give v(y).
-13
Let a(q) = -q**3 - 10*q**2 - 3*q - 22. Suppose -8*u + 3*u = 4*l + 30, l = 2*u - 14. What is a(l)?
8
Suppose 5*w - 38 = -4*d, 0 = -3*d - 0 + 6. Let n(j) be the first derivative of -2*j - w + 2/3*j**3 + 0*j**2 + 1/4*j**4. Determine n(-2).
-2
Let h(i) = i**3 + 6*i**2 - 4*i. Let u(g) = -g**3 - 6*g**2 + 5*g + 1. Let t(k) = 7*h(k) + 6*u(k). Determine t(-6).
-6
Let m(r) = -r**3 - 5*r**2 - r - 4. Let s = 5 - 2. Suppose -20 - 7 = -5*v - 4*y, 0 = 4*v - 3*y - s. Suppose -v*q - 4*c = -5, -4*c + 4 = q - 11. Calculate m(q).
1
Let s(g) = -g**3 - 9*g**2 + 17*g + 79. Let m be s(-10). Let h(v) = -v**2 + 9*v + 13. Determine h(m).
13
Let c(o) be the second derivative of -o**5/20 - o**4 + 7*o**3/3 + o**2 - 391*o - 2. What is c(-13)?
-11
Let t(u) = -1 + 3 + 0*u**2 - u + u**2 + 0*u**2. Let d be (-112)/(-18) + 14/(-63). Let b be d/4*20/(-15). What is t(b)?
8
Let l(n) = 7*n**2 + 3*n + 2. Let f be l(-1). Suppose 5*b + 3*m + 36 = f, 0 = 3*m. Let d(r) = r**3 + 6*r**2 + 5*r + 9. Calculate d(b).
-21
Let f(n) be the first derivative of -n**4/4 - 10*n**3/3 + 7*n**2/2 - 2*n - 10. Let z(l) = 4*l**3 + 31*l**2 - 20*l + 5. Let i(t) = -7*f(t) - 2*z(t). Give i(7).
-10
Suppose -5*b + 44 = 9. Let x(y) = 7*y**3 - 14*y**2 + 6*y + 5. Let h(u) = -6*u**3 + 13*u**2 - 6*u - 5. Let j(r) = -6*h(r) - 5*x(r). Determine j(b).
-2
Let r(w) = -w**2 + 11*w. Let y be r(5). Let b(h) = -4*h - y + h**2 + 54 - 29. What is b(6)?
7
Let o = -59 + 58. Let s(q) = -5*q + 1. Let w be s(o). Let n(y) = -39 - 2*y + 34 + y**2 + 0*y - 4*y. Determine n(w).
-5
Let r(y) be the second derivative of y**5/20 + 7*y**4/12 + y**3 - 4*y**2 - 38*y. Determine r(-7).
-50
Let m(l) be the first derivative of 1/20*l**5 - 1/6*l**3 - 5/2*l**2 + 4*l - 1/12*l**4 - 5. Let r(d) be the first derivative of m(d). What is r(0)?
-5
Let x(h) be the second derivative of h**5/10 + h**4/4 - h**3/2 + h**2 - 1976*h. Let b be (-5 - 4/(-2))*1. Give x(b).
-16
Let c(h) = -13462*h**2 + 13456*h**2 - h**3 - h - 4 - 1. Calculate c(-6).
1
Let b(y) be the third derivative of -y**5/60 - y**4/6 + 30*y**2. Determine b(-5).
-5
Suppose -62 = 16*l - 14. Let b(t) = -t**2 - 5*t - 4. Determine b(l).
2
Let s(j) = -3*j + 6. Let z(o) = -o**2 - 11*o - 22. Let w be z(-8). Give s(w).
0
Let m be (0/1)/1 + 2. Suppose 0 = -h - 0*k + k, 15 = -2*h - 3*k. Let x = m - h. Let v(t) = -t**3 + 4*t**2 + 5*t - 4. Determine v(x).
-4
Let g(b) = b**2 - 6*b - 2. Let d be g(6). Let m(k) = -k**2 - 3*k + 12. Let p(l) = l**2 + 3*l - 10. Let u(t) = -6*m(t) - 7*p(t). Calculate u(d).
0
Let c(i) be the first derivative of -i**3 - 9*i**2/2 + 4*i + 2. Let z(a) = -2*a**2 - 8*a + 3. Let p = -807 - -812. Let v(w) = p*c(w) - 6*z(w). Calculate v(-2).
-16
Let f(a) = 3*a - 4. Let l = 2 - 16. Let u = l - -21. Let x(h) = -h**2 + 8*h - 4. Let k be x(u). Give f(k).
5
Let q(x) = -x**2 + 8*x - 4. Let n be q(6). Suppose -39 = -5*y + 4*u, -2*y - 34 = -4*y - 3*u. Let l = y - n. Let o(v) = v. Give o(l).
3
Suppose 4*t = 12 + 4. Suppose 2*r + t = 3*a, 3*r + 2 - 11 = -3*a. Suppose -2*j + 5*j + a*v = -9, 3*j - 3*v = -24. Let d(f) = -f - 7. What is d(j)?
-2
Let a = 85 + -83. Let m(h) = -2*h**2 + 27*h - 28*h - 1 - a*h**2 + h**2. Give m(-2).
-11
Let n(c) = c**3 + 4*c**2 + c + 4. Let q(f) = -10*f - 2. Let k(m) = 20*m + 3. Let p(h) = -4*k(h) - 9*q(h). Let i be p(-1). Calculate n(i).
0
Let y = 80 + -89. Let b(x) be the second derivative of x**5/20 + 5*x**4/6 + 3*x**3/2 + 3*x**2 + 9*x. Give b(y).
6
Suppose 5*d + 2*a - 6 = -2*a, -4*d = a - 7. Suppose -3*j - 3*q + q = 13, -4*j + d*q - 8 = 0. Let y(m) = m**2 - 3*m**2 + 3 + 3 - 8 - 4*m. Calculate y(j).
-8
Suppose 4*c + 1 = 2*t - 3, -4*t + 17 = c. Let g(m) = 2*m**2 - 11*m + 8. Let u(a) = a**2 - 7*a + 5. Let k(b) = -5*g(b) + 8*u(b). Determine k(c).
-3
Suppose 0 = 2*h - 5*n - 0*n - 17, 3*n = -9. Suppose -j + h = -6. Let t(k) = -k**2 + 7*k + 2. Give t(j).
2
Let p(w) = -5*w - 111. Let o be p(-21). Let h(g) = 0 + 7*g + 4 + 1 + 2. Let a(z) = 8*z + 7. Let x(t) = -5*a(t) + 6*h(t). Give x(o).
-5
Let p = 100 + -75. Suppose p*d = 22*d + 12. Let v(i) be the second derivative of i**5/20 - 5*i**4/12 + 2*i**3/3 - i**2/2 - 2*i. What is v(d)?
-1
Let p(g) = g + 1. Let z be p(2). Let i(o) = -o + 19. Let w be i(16). Let c(j) = 4*j**z + 3 - 2*j - 2*j + 6*j - w*j**3. Calculate c(-2).
-9
Let s(g) = -10*g**2 - 45*g**3 - 5 - 38*g**3 + 128*g**3 - 46*g**3 + 10*g. Calculate s(-11).
6
Let i(j) = -3*j + j**2 + j - 8*j + 13. Suppose 2*r - 129 - 143 = 0. Let s = r - 127. Give i(s).
4
Let l(x) be the second derivative of 5/2*x**2 + 1/3*x**4 + 0 + 15*x + 1/6*x**3 + 1/20*x**5. What is l(-4)?
1
Let h(f) = -41*f - 16. Let c(o) = 14*o + 1. Let n(p) = 3*c(p) + h(p). Calculate n(10).
-3
Let x(v) = -v**2 + 11*v + 14. Let p be x(12). Suppose -8 + 18 = -p*j, -5*s = -3*j - 15. Let z(o) = -o**3 + 2. Give z(s).
2
Suppose -4*u = -v - 10, -4*v = 5*u - u - 20. Let x(d) = 1 + d**3 - 4 + 3*d + 0*d**u - d - 4*d**2. What is x(3)?
-6
Let q(p) = p**3 - 7*p**2 + 7*p - 3. Let k be q(6). Let z(x) be the second derivative of x**4/12 - x**3/2 - x**2/2 - 10*x. Determine z(k).
-1
Suppose -1507*t = -1504*t - 15. Let s(k) = k**3 - 6*k**2 + 7*k. What is s(t)?
10
Let x(j) = j**3 - 2*j - 1. Let k(f) = -3*f**3 - f + 1. Let a be k(1). Determine x(a).
-22
Let n(x) = -13*x**2 - x + 1. Suppose 44 = -8*o + 4*o. Let b = 14 + o. Suppose l = -b*s - l + 3, 0 = 2*l. Give n(s).
-13
Let p(b) be the second derivative of -6*b + 1/2*b**2 - 1/5*b**5 + 1/6*b**3 + 0 + 0*b**4. Calculate p(-1).
4
Let y(k) = k**3 - 6*k**2 - 2*k + 5. Let g = 4 - 1. Suppose -g*r = 9 - 45. Let n = r - 6. Calculate y(n).
-7
Let m(z) = -z**3 + 9*z**2 - 9*z + 9. Let b be ((-12)/9)/(-8 - 47/(-6)). Calculate m(b).
1
Let g(t) = -17*t - 7. Let y(p) = 16*p + 5. Let x(z) = -3*g(z) - 4*y(z). Determine x(-1).
14
Let i(s) = 7*s - 7. Let l(n) = -15*n + 15. Let p(v) = -13*i(v) - 6*l(v). Let d be 0*(11/3 + -4). Let c(w) = -w**3 - 3. Let k be c(d). Determine p(k).
4
Let w be -1*(2 - -2*10). Let t be 4/w + 48/22. Let q(p) = 4*p + 2 - 2*p**2 - p - 4 - p. Determine q(t).
-6
Suppose -13*n + 786 + 384 = 0. Let j(o) = -95 - 7*o + 6*o + n. Determine j(-8).
3
Suppose g - 3*g - 2 = 0, 0 = t - 4*g - 3. Let c be 2/3*12/(-8). Let l(h) = -h**2. Let z(x) = 2*x**3 + 4*x**2 - 1. Let m(j) = c*z(j) - 2*l(j). Determine m(t).
1
Let t(y) = y**2 - 3*y - 3. Let x be t(4). Suppose -3*g - 3 = -3*c, -3*c = -2*g + x - 6. Suppose 1 = 4*j - c. Let o(d) = -2*d**2 + d. Determine o(j).
-1
Suppose -21 = 2*x - 9. Let m(f) be the first derivative of -7*f**3/3 - 2*f**2 + 3*f + 1. Let k(j) = -j**2 - j. Let d(y) = x*k(y) + m(y). Determine d(-2).
-5
Let t(i) = -2*i**3 - 5*i**2 + 7*i - 8. Let c(a) = -a**3 - 3*a**2 + 3*a - 4. Let o(l) = -7*c(l) + 3*t(l). Let g = -14 - -8. Give o(g).
4
Let r = -206 + 196. Let m(v) = v**2 + 6*v - 30. Give m(r).
10
Let q(b) = 4*b - 5. Let u = 338 + -333. Calculate q(u).
15
Let v(c) = -c**2 + 23*c + 11. Let z be v(17). Let j = z + -110. Let t(g) = g**2 - 6*g + 4. Give t(j).
-5
Suppose 3*u - 2 = 2*u. Let y(z) = -8 + 1 - 2*z - u*z. Let x = 604 + -609. Determine y(x).
13
Let g(h) = 2*h**2 - 4*h - 3. Let q = 65 - 61. Let m(t) = -3*t**2 + 5*t + 4. Let s(b) = q*g(b) + 3*m(b). Calculate s(0).
0
Let g(l) = 12*l**2 + 44*l - 12. Let v(x) = 7*x**2 + 23*x - 6. Let u(c) = -4*g(c) + 7*v(c). Calculate u(14).
-8
Let y(a) = -10*a - 1. Let c(f) = -5*f - 1. Let u(q) = -3*c(q) + y(q). What is u(-1)?
-3
Let j(u) = -u**3 - 3*u**2 + 8*u**3 - 2*u**2 - 8*u**3 - 2 - 3*u. What is j(-4)?
-6
Let m(g) = 7*g - 186. Let d(x) = 2*x**3 - 10*x**2 + 25*x - 13. Let n be d(3). Determine m(n).
-4
Let i(u) be the first derivative of -u**2 - 32*u - 57. Give i(-14).
-4
Let n(s) = 1. Let d(z) = z**2 - 2*z + 7. Let l(u) = d(u) - 3*n(u). Let c(h) = h - 5. Suppose -39 + 7 = -4*b. Let m be c(b). Give l(m).
7
Let f(s) = -s**2 - 6*s - 11. Let g be f(-2). Let n(t) be the second derivative of t**3/2 + 3*t**2/2 + 3*t. Determine n(g).
-6
Let c be 5/10*(3 - (4 - 3)). Let o(x) = -x**2 - x + 1. Let t(s) = 11*s**2 - 1. Let i(h) = c*t(h) + 2*o(h). Calculate i(1).
8
Let p(r) = r + 1. Let d(m) = m + 16 - 33 - 2*m + 14. Let z(b) = -d(b) - 2*p(b). Determine z(2).
-1
Let t(z) = 